{"id":1528,"date":"2018-09-12T19:52:47","date_gmt":"2018-09-12T18:52:47","guid":{"rendered":"http:\/\/acma.ch\/new\/wordpress\/?page_id=1528"},"modified":"2023-10-04T07:15:50","modified_gmt":"2023-10-04T06:15:50","slug":"uber-uns","status":"publish","type":"page","link":"https:\/\/acma.ch\/new\/wordpress\/uber-uns\/","title":{"rendered":"\u00dcber uns"},"content":{"rendered":"<p>[et_pb_section fb_built=\u00a0\u00bb1&Prime; admin_label=\u00a0\u00bbsection\u00a0\u00bb _builder_version=\u00a0\u00bb4.16&Prime; background_color=\u00a0\u00bbrgba(43,117,119,0.24)\u00a0\u00bb background_image=\u00a0\u00bbhttp:\/\/acma.ch\/new\/wordpress\/wp-content\/uploads\/2022\/03\/Fond_2.jpg\u00a0\u00bb custom_padding=\u00a0\u00bb43px|0px|0px|0px\u00a0\u00bb global_colors_info=\u00a0\u00bb{}\u00a0\u00bb][et_pb_row admin_label=\u00a0\u00bbrow\u00a0\u00bb _builder_version=\u00a0\u00bb4.16&Prime; background_size=\u00a0\u00bbinitial\u00a0\u00bb background_position=\u00a0\u00bbtop_left\u00a0\u00bb background_repeat=\u00a0\u00bbrepeat\u00a0\u00bb custom_padding=\u00a0\u00bb0px|0px|436px|0px\u00a0\u00bb global_colors_info=\u00a0\u00bb{}\u00a0\u00bb][et_pb_column type=\u00a0\u00bb4_4&Prime; _builder_version=\u00a0\u00bb4.16&Prime; custom_padding=\u00a0\u00bb|||\u00a0\u00bb global_colors_info=\u00a0\u00bb{}\u00a0\u00bb custom_padding__hover=\u00a0\u00bb|||\u00a0\u00bb][et_pb_text admin_label=\u00a0\u00bb\u00dcber uns\u00a0\u00bb _builder_version=\u00a0\u00bb4.16&Prime; text_text_color=\u00a0\u00bb#091842&Prime; header_text_color=\u00a0\u00bb#091842&Prime; background_size=\u00a0\u00bbinitial\u00a0\u00bb background_position=\u00a0\u00bbtop_left\u00a0\u00bb background_repeat=\u00a0\u00bbrepeat\u00a0\u00bb global_colors_info=\u00a0\u00bb{}\u00a0\u00bb custom_padding=\u00a0\u00bb||107px|||\u00a0\u00bb]<\/p>\n<h1>\u00dcber uns<\/h1>\n<p style=\"text-align: justify;\">\u00a0<\/p>\n<p style=\"text-align: justify;\">Die Vereinigung zur F\u00f6rderung der Alten Musik (Association des Concerts de Musique Ancienne, ACMA) wurde vor ungef\u00e4hr 40 Jahren in Genf mit dem Ziel gegr\u00fcndet, das damals noch junge \u00ab\u00a0Centre de Musique Ancienne\u00a0\u00bb zu unterst\u00fctzen.<\/p>\n<p style=\"text-align: justify;\">Damals gewann das Interesse f\u00fcr die Instrumente des Mittelalters, der Renaissance und des Barock sowie f\u00fcr das dazu geh\u00f6rige Repertoire immer gr\u00f6ssere Bedeutung. Unter dem R\u00fcckgriff auf die Ikonografie und auf einschl\u00e4gige historische Quellen, wurde wenig oder unbekanntes Repertoire wieder ans Licht bef\u00f6rdert. Durch das Studium der Literatur konnte in dem durch die historischen Quellen inspirierten Instrumentenbau der Instrumentenfundus erweitert und neue Klangfarben entwickelt werden.<\/p>\n<p style=\"text-align: justify;\">ACMA hat seither kontinuierlich die historische Musikpraxis gef\u00f6rdert und besch\u00e4ftigt sich seit ungef\u00e4hr 20 Jahren haupts\u00e4chlich damit, Konzerte mit historischen Instrumenten zu veranstalten. Dadurch sind drei Festivals entstanden, die dem Publikum die Instrumente, Repertoires und Interpretationsweisen aus der Renaissance und dem Barock nahebringen:<\/p>\n<ul style=\"text-align: justify;\">\n<li><em>Luths et Th\u00e9orbes <\/em>widmet sich seit seiner Gr\u00fcndung im Jahre 2002, haupts\u00e4chlich der F\u00f6rderung historischer Zupfinstrumente und deren Interpreten. Dank der Mitwirkung zahlreicher Solisten und Ensembles konnte die Vielfalt dieser Instrumente gezeigt werden.<\/li>\n<li>das Festival\u00a0<em>Soirs d\u2019Automne<\/em>, das alle zwei Jahre im Wechsel mit dem erstgenannten Festival stattfindet, m\u00f6chte den Musikern aus Genf und seiner (n\u00e4heren und weiteren) Umgebung \u2013ob sie nun aus Buenos Aires, Paris oder Berlin stammen \u2013 die M\u00f6glichkeit bieten, ihr K\u00f6nnen und ihre Musikbegeisterung mit den Zuh\u00f6rern zu teilen.<\/li>\n<li><em>Les Dimanches de l\u2019ACMA\u00a0<\/em>finden seit 2016 jeden Fr\u00fchling statt. Mit diesem Festival m\u00f6chte ACMA jungen Musikern, die ihr Studium an den verschiedenen Hochschulen und Zentren f\u00fcr historische Musik absolviert haben, die M\u00f6glichkeit geben, ihre Projekte der \u00d6ffentlichkeit vorzustellen.<\/li>\n<\/ul>\n<p style=\"text-align: justify;\">Die vielen Konzerte, die ACMA organisiert hat, haben dazu beigetragen, in Genf eine Vielzahl international anerkannter Musiker zu entdecken. Aber auch denen, die in dieser Stadt leben, studieren oder unterrichten, hat ACMA die Gelegenheit geboten, sich in einer kreativen und stimulierenden Umgebung auszudr\u00fccken.<\/p>\n<p style=\"text-align: justify;\">M\u00f6chten Sie Mitglied unseres Vereins werden und unsere Aktivit\u00e4ten unterst\u00fctzen? Dann klicken Sie bitte auf unserer Website <a href=\"https:\/\/acma.ch\/new\/wordpress\/soutenir\/\">\u00ab Rejoindre l\u2019association\u00a0\u00bb<\/a> an und f\u00fcllen Sie das Formular aus.<\/p>\n<p style=\"text-align: justify;\">Durch den j\u00e4hrlichen Beitrag werden Sie unsere Informationen per Email bekommen und erwerben \u00a0das Recht auf erm\u00e4ssigte Eintrittspreise zu unseren Konzerten.<\/p>\n<p style=\"text-align: justify;\">\n<p style=\"text-align: justify;\">\n<p><strong>DER ACMA-AUSSCHUSS<\/strong><\/p>\n<p>Vorsitzender : Jean-Paul Wisard<br \/>Stellvertretender Vorsitzender: Dana Howe<br \/>Sekret\u00e4rin: Fran\u00e7ois Stride<br \/>Schatzmeisterin: Carolina Acuna<br \/>Mitglied: Juliette Molin<\/p>\n<p>K\u00fcnstlerische Leiterin: Monica Pustilnik<br \/>Verwalter: Pierre Scheid<\/p>\n<p>[\/et_pb_text][et_pb_divider show_divider=\u00a0\u00bboff\u00a0\u00bb disabled_on=\u00a0\u00bbon|on|off\u00a0\u00bb admin_label=\u00a0\u00bbS\u00e9parateur\u00a0\u00bb _builder_version=\u00a0\u00bb4.16&Prime; global_colors_info=\u00a0\u00bb{}\u00a0\u00bb][\/et_pb_divider][\/et_pb_column][\/et_pb_row][\/et_pb_section]<\/p>\n","protected":false},"excerpt":{"rendered":"<p>\u00dcber uns \u00a0 Die Vereinigung zur F\u00f6rderung der Alten Musik (Association des Concerts de Musique Ancienne, ACMA) wurde vor ungef\u00e4hr 40 Jahren in Genf mit dem Ziel gegr\u00fcndet, das damals noch junge \u00ab\u00a0Centre de Musique Ancienne\u00a0\u00bb zu unterst\u00fctzen. Damals gewann das Interesse f\u00fcr die Instrumente des Mittelalters, der Renaissance und des Barock sowie f\u00fcr das [&hellip;]<\/p>\n","protected":false},"author":2,"featured_media":0,"parent":0,"menu_order":0,"comment_status":"closed","ping_status":"closed","template":"","meta":{"_et_pb_use_builder":"on","_et_pb_old_content":"","_et_gb_content_width":""},"_links":{"self":[{"href":"https:\/\/acma.ch\/new\/wordpress\/wp-json\/wp\/v2\/pages\/1528"}],"collection":[{"href":"https:\/\/acma.ch\/new\/wordpress\/wp-json\/wp\/v2\/pages"}],"about":[{"href":"https:\/\/acma.ch\/new\/wordpress\/wp-json\/wp\/v2\/types\/page"}],"author":[{"embeddable":true,"href":"https:\/\/acma.ch\/new\/wordpress\/wp-json\/wp\/v2\/users\/2"}],"replies":[{"embeddable":true,"href":"https:\/\/acma.ch\/new\/wordpress\/wp-json\/wp\/v2\/comments?post=1528"}],"version-history":[{"count":13,"href":"https:\/\/acma.ch\/new\/wordpress\/wp-json\/wp\/v2\/pages\/1528\/revisions"}],"predecessor-version":[{"id":4514,"href":"https:\/\/acma.ch\/new\/wordpress\/wp-json\/wp\/v2\/pages\/1528\/revisions\/4514"}],"wp:attachment":[{"href":"https:\/\/acma.ch\/new\/wordpress\/wp-json\/wp\/v2\/media?parent=1528"}],"curies":[{"name":"wp","href":"https:\/\/api.w.org\/{rel}","templated":true}]}}